 remainder when 327324 is divided by 39.
36
Calculate the remainder when 7419 is divided by 53.
52
What is the remainder when 1769 is divided by 137?
125
Calculate the remainder when 29821 is divided by 9764.
529
Calculate the remainder when 217929 is divided by 163.
161
What is the remainder when 6729 is divided by 3363?
3
What is the remainder when 215467 is divided by 145?
142
What is the remainder when 179966 is divided by 71?
52
Calculate the remainder when 2614 is divided by 19.
11
What is the remainder when 16353 is divided by 188?
185
What is the remainder when 11104 is divided by 227?
208
What is the remainder when 92962 is divided by 234?
64
Calculate the remainder when 55106 is divided by 1900.
6
What is the remainder when 14253 is divided by 99?
96
Calculate the remainder when 14061 is divided by 24.
21
What is the remainder when 22551 is divided by 152?
55
What is the remainder when 12003 is divided by 215?
178
Calculate the remainder when 208194 is divided by 65.
64
What is the remainder when 26806 is divided by 8899?
109
Calculate the remainder when 1079237 is divided by 7.
5
What is the remainder when 164 is divided by 64?
36
Calculate the remainder when 1355 is divided by 164.
43
What is the remainder when 15846 is divided by 3779?
730
Calculate the remainder when 189771 is divided by 37.
35
What is the remainder when 175818 is divided by 58603?
9
What is the remainder when 1475 is divided by 271?
120
What is the remainder when 81971 is divided by 67?
30
Calculate the remainder when 1048064 is divided by 61650.
14
Calculate the remainder when 3693 is divided by 923.
1
Calculate the remainder when 416171 is divided by 76.
71
What is the remainder when 1209074 is divided by 245?
244
What is the remainder when 5031 is divided by 186?
9
What is the remainder when 9144 is divided by 1303?
23
Calculate the remainder when 9580 is divided by 266.
4
What is the remainder when 33871 is divided by 146?
145
What is the remainder when 7026 is divided by 15?
6
Calculate the remainder when 775 is divided by 220.
115
Calculate the remainder when 458 is divided by 411.
47
Calculate the remainder when 406147 is divided by 406130.
17
What is the remainder when 8948 is divided by 4401?
146
What is the remainder when 2831 is divided by 2726?
105
What is the remainder when 2759 is divided by 910?
29
Calculate the remainder when 1456 is divided by 59.
40
What is the remainder when 27642 is divided by 13757?
128
What is the remainder when 7654 is divided by 3795?
64
What is the remainder when 7153 is divided by 7114?
39
Calculate the remainder when 55061 is divided by 12.
5
Calculate the remainder when 70013 is divided by 196.
41
What is the remainder when 724 is divided by 145?
144
What is the remainder when 3660 is divided by 1660?
340
What is the remainder when 22825 is divided by 1426?
9
What is the remainder when 667 is divided by 11?
7
What is the remainder when 31038 is divided by 97?
95
Calculate the remainder when 49347 is divided by 1827.
18
Calculate the remainder when 173398 is divided by 85.
83
Calculate the remainder when 73181 is divided by 36581.
19
What is the remainder when 196732 is divided by 329?
319
Calculate the remainder when 154030 is divided by 40.
30
What is the remainder when 14286 is divided by 511?
489
What is the remainder when 23388 is divided by 781?
739
Calculate the remainder when 32814 is divided by 14.
12
What is the remainder when 29925 is divided by 1300?
25
Calculate the remainder when 1677686 is divided by 26.
10
Calculate the remainder when 11610 is divided by 623.
396
What is the remainder when 12113 is divided by 26?
23
Calculate the remainder when 4812 is divided by 800.
12
Calculate the remainder when 9525 is divided by 38.
25
Calculate the remainder when 660285 is divided by 96.
93
What is the remainder when 1455 is divided by 1453?
2
What is the remainder when 389363 is divided by 207?
203
Calculate the remainder when 1198 is divided by 43.
37
What is the remainder when 7638569 is divided by 15?
14
Calculate the remainder when 968 is divided by 6.
2
What is the remainder when 26551 is divided by 344?
63
Calculate the remainder when 14147 is divided by 1049.
510
Calculate the remainder when 18326 is divided by 206.
198
What is the remainder when 731763 is divided by 262?
259
Calculate the remainder when 38144 is divided by 102.
98
Calculate the remainder when 106176 is divided by 1311.
1296
What is the remainder when 20158 is divided by 1342?
28
Calculate the remainder when 367625 is divided by 57.
32
What is the remainder when 96085 is divided by 90?
55
Calculate the remainder when 18600 is divided by 426.
282
Calculate the remainder when 14500 is divided by 2411.
34
Calculate the remainder when 774142 is divided by 512.
510
What is the remainder when 58076 is divided by 395?
11
What is the remainder when 102059 is divided by 108?
107
What is the remainder when 46673 is divided by 3333?
11
Calculate the remainder when 6716 is divided by 189.
101
What is the remainder when 891 is divided by 30?
21
What is the remainder when 10744899 is divided by 742?
739
What is the remainder when 340670 is divided by 16?
14
What is the remainder when 360361 is divided by 36036?
1
Calculate the remainder when 17148 is divided by 28.
12
What is the remainder when 270 is divided by 109?
52
Calculate the remainder when 713 is divided by 477.
236
What is the remainder when 1996 is divided by 521?
433
What is the remainder when 1915 is divided by 416?
251
Calculate the remainder when 29038 is divided by 176.
174
Calculate the remainder when 87560 is divided by 21.
11
What is the remainder when 479 is divided by 33?
17
What is the remainder when 341432 is divided by 158?
152
What is the remainder when 97197 is divided by 13?
9
Calculate the remainder when 148124 is divided by 823.
807
Calculate the remainder when 8191 is divided by 216.
199
What is the remainder when 149066 is divided by 30?
26
What is the remainder when 10463 is divided by 5169?
125
What is the remainder when 58030 is divided by 78?
76
What is the remainder when 4000 is divided by 148?
4
Calculate the remainder when 153397 is divided by 11799.
10
What is the remainder when 150589 is divided by 88?
21
What is the remainder when 35746 is divided by 2?
0
What is the remainder when 13248 is divided by 29?
24
Calculate the remainder when 29365 is divided by 37.
24
Calculate the remainder when 92156 is divided by 591.
551
What is the remainder when 372 is divided by 22?
20
Calculate the remainder when 951598 is divided by 30.
28
What is the remainder when 21942 is divided by 816?
726
What is the remainder when 5715 is divided by 2688?
339
What is the remainder when 60599 is divided by 19?
8
What is the remainder when 35769 is divided by 39?
6
What is the remainder when 281 is divided by 104?
73
Calculate the remainder when 269 is divided by 45.
44
What is the remainder when 56142 is divided by 197?
194
Calculate the remainder when 35210 is divided by 352.
10
Calculate the remainder when 40319 is divided by 288.
287
Calculate the remainder when 30134 is divided by 15054.
26
What is the remainder when 400459 is divided by 64?
11
What is the remainder when 11296 is divided by 534?
82
Calculate the remainder when 14875 is divided by 252.
7
Calculate the remainder when 82770 is divided by 101.
51
What is the remainder when 304750 is divided by 101572?
34
Calculate the remainder when 88559 is divided by 24.
23
Calculate the remainder when 93177 is divided by 459.
0
What is the remainder when 3800 is divided by 3395?
405
Calculate the remainder when 36546 is divided by 85.
81
What is the remainder when 398358 is divided by 227?
200
What is the remainder when 2183054 is divided by 255?
254
Calculate the remainder when 1901 is divided by 591.
128
Calculate the remainder when 332842 is divided by 21.
13
What is the remainder when 16756 is divided by 135?
16
What is the remainder when 708387 is divided by 51?
48
Calculate the remainder when 4162 is divided by 2004.
154
What is the remainder when 419079 is divided by 104763?
27
What is the remainder when 26384 is divided by 1465?
14
What is the remainder when 32931 is divided by 733?
679
Calculate the remainder when 2491